uppose 4*h = 2*q + 6*h - 10, 3*h = 5*q - 1. Let s(b) = b**3 - 2*b + 1. Let n be s(q). Suppose n*g = 55 - 0. List the prime factors of g.
11
Let u = -3 - -7. Suppose 45 = n + u*n. What are the prime factors of n?
3
Suppose -2*z = -z. Let p(a) = z*a**2 - 3 + 0*a - 2*a - 4*a**2 - a**3. What are the prime factors of p(-4)?
5
Let p(t) = -9*t - 14. What are the prime factors of p(-7)?
7
Let c(u) = u**2 + 6*u - 9. Let m be c(-9). Let l be 8/3*m/4. Suppose -l = -t - 2*t. List the prime factors of t.
2
Let d = 34 - -1. What are the prime factors of d?
5, 7
Suppose x + 3*g = 16, -x + 19 = 3*x + 3*g. Let c = -7 - -12. Suppose c - x = 2*k. What are the prime factors of k?
2
Suppose -5*a + 2*a = 0. Suppose 0*q + q - 3 = a. Suppose 0 = -4*s + 31 - q. List the prime factors of s.
7
Let q be (-6848)/(-56) + (-2)/7. Suppose -2*u + q - 30 = 0. What are the prime factors of u?
2, 23
Let z(n) = -n**3 + 2*n**2 + 2*n - 1. Let q be (2 + 3)*4/10. What are the prime factors of z(q)?
3
Let p = -6 + 17. Suppose -3*z = 2*l - p, z - 5*z = l - 18. What are the prime factors of z - -1*2/1?
7
Suppose -2*y = -3*o - 0*o - 17, -3*y - 7 = 2*o. Let i = 11 + o. List the prime factors of i.
2, 3
Let f = 143 - 76. Suppose -3*b = -41 - f. What are the prime factors of b?
2, 3
Let o(f) = f**3 + 13*f**2 - 10*f - 26. List the prime factors of o(-13).
2, 13
Let w = -32 + 54. Let d = -4 + w. What are the prime factors of d?
2, 3
Let t be (4/2)/(-1 - 0). Let i be (-4 - -8)*(t - -7). Suppose -4*g + i + 44 = 0. What are the prime factors of g?
2
Suppose 3*b + 19 = 4*l, l - 27 = 4*b - 4*l. Let p = 18 + b. List the prime factors of p.
5
Let w be (6/15)/(3/15). Suppose -w*f = -m + 24, 3*m - 2*f = -m + 108. List the prime factors of m.
2, 7
Suppose -n - 366 = -4*v, 0*v + 283 = 3*v - 5*n. What are the prime factors of v?
7, 13
Let a(m) = 0*m**2 - 8 + 6*m + 10*m - m**2. List the prime factors of a(13).
31
Let w = 0 - -2. Suppose -13 = -w*y - 5. Suppose -y*x = -9*x + 35. List the prime factors of x.
7
Let j = -112 - -57. Let d = 78 + j. What are the prime factors of d?
23
Let z = -7 - -23. Let b = 0 + z. List the prime factors of b.
2
Let r = 19 + -9. List the prime factors of r.
2, 5
Suppose 3*n - 2*i = -64 + 284, 0 = 4*n - i - 285. List the prime factors of n.
2, 5, 7
Suppose 2*f = -f - 18. List the prime factors of (-2)/4 + (-57)/f.
3
Let b(s) = s**2 + 2*s - 7. Let r be ((-7)/(-4))/((-3)/12). Let q be b(r). Suppose -q = -4*m - 0*w + 2*w, 0 = -w + 2. List the prime factors of m.
2
What are the prime factors of ((-11)/(66/4))/(6/(-1647))?
3, 61
Let o be 2/(-3) + 60/9. Let l = o + 1. Let p = 23 - l. List the prime factors of p.
2
Let c = 37 - -75. List the prime factors of c.
2, 7
Let h = 17 - 8. Suppose 5*i = -3*j - 1, 2*j + 3*j - h = -3*i. Suppose -3 - 6 = -j*c. List the prime factors of c.
3
Let g = -14 - -57. List the prime factors of g.
43
List the prime factors of (-1043)/(-28) - (-2)/(-8).
37
Suppose 5*z - z - 3*f = -36, 5*z + 76 = -4*f. Let t = z + 19. What are the prime factors of t?
7
Let k(n) = -n + 11. List the prime factors of k(6).
5
Suppose 0 = 7*z - 214 - 248. List the prime factors of z.
2, 3, 11
Let z = 9 - 10. What are the prime factors of (51/12)/(z/(-4))?
17
Let k(u) be the second derivative of u**4/12 - 7*u**3/6 + 9*u**2/2 + 2*u. What are the prime factors of k(6)?
3
Let w(l) be the first derivative of 41*l**3/3 - l**2/2 - 2. List the prime factors of w(-1).
2, 3, 7
Suppose 0 = 3*k + 151 + 83. What are the prime factors of k/(-4) + 5/(-10)?
19
Suppose 0 = -8*f + 1537 + 783. List the prime factors of f.
2, 5, 29
Let s(i) = -i**3 - 5*i**2 + 7*i + 9. Let u be s(-6). Suppose 0*q = u*q - 75. List the prime factors of q.
5
Let i(u) = -4*u + 4. Let t be i(-5). Let c = 44 - t. List the prime factors of c.
2, 5
Let f(p) = p**3 + 9*p**2 - 8*p - 8. What are the prime factors of f(-7)?
2, 73
Suppose 3*l - 14 = 2*l - 3*i, 0 = -l + 5*i - 10. Suppose -a - 5*u - 27 = 0, -4*a + l*u + 17 = -0. What are the prime factors of (12/14)/(a/(-14))?
2, 3
Let v(x) = -4*x - 7. Let o(n) = -n**2 + 10*n - 10. Let t be o(8). Let c be v(t). Let d = 43 + c. What are the prime factors of d?
2, 3
Suppose -2*r + 129 = r. What are the prime factors of r?
43
Let b(m) = -m**3 - 2*m**2 + 3*m + 1. Let j be b(-3). What are the prime factors of (-16)/(1/j*-1)?
2
Let f(o) = 4*o**3 - 5*o**2 + 2*o. List the prime factors of f(3).
3, 23
Let d = -20 + 45. Let k = -12 + d. List the prime factors of k.
13
Let f(n) = n**2 + 6*n + 1. Let s be f(-5). What are the prime factors of ((-18)/s)/(2/8)?
2, 3
Let v(l) = -l**3 + 11*l**2 + 1. Let y be v(11). What are the prime factors of (1 + y)/((-4)/(-14))?
7
Suppose -11*h = -9*h - 102. What are the prime factors of h?
3, 17
Suppose 4 - 14 = 5*j. What are the prime factors of j/3*(-2 + -7)?
2, 3
Suppose 4*j + 2*m + 7 - 85 = 0, -4*j - 3*m + 83 = 0. Suppose 2*b + 4*d = 28, j = 3*b + 4*d - 15. List the prime factors of b.
2
Let m(j) = j**3 - 7*j**2 + 8*j - 9. Suppose 0 = -2*x - 3*x - 15. Let g be (-4)/(5/x - -1). List the prime factors of m(g).
3
Suppose -8*b = 2*b - 640. List the prime factors of b.
2
Let p = -4 + 3. List the prime factors of 3*p - (-4 + -15).
2
Let j(c) = c**3 - 4*c**2 - 4*c - 5. Let h be j(5). Let v be (-5 + 3)*(h - 9). Let w = -12 + v. What are the prime factors of w?
2, 3
Let n(j) = -j**3 + 14*j**2 + j - 8. What are the prime factors of n(14)?
2, 3
Let a = 0 - 3. Let i = 4 + a. Suppose -y - 6*v = -v + i, -3*y + 5*v + 37 = 0. What are the prime factors of y?
3
Suppose -6 = x + 2*z, -x + 2*z - 2 = 3*z. Suppose 15 = m + 4*d + 3, 4*m - 2*d = -6. Suppose m = x*i + i - 24. What are the prime factors of i?
2
Let b be (3 + -11)/((-2)/24). Let f = b - 67. What are the prime factors of f?
29
Suppose 0*u - 36 = -3*u. Suppose 3 - u = -3*n. Suppose -7 = -2*d + n. List the prime factors of d.
5
Let l = 5 + 71. What are the prime factors of l?
2, 19
Suppose 3*f = 4*f. Let i(o) = -o + 43. List the prime factors of i(f).
43
Let f = 6 + -5. Let t = 2 - f. What are the prime factors of 4 + (t - (3 + -2))?
2
Let h = 153 + -96. Suppose 5*i = 12 - h. List the prime factors of ((-6)/(-9))/(-2)*i.
3
Let d be (-9)/(-1 - (-1)/(-2)). Suppose j + 3*x = 3, 3*j - 7*x - 37 = -2*x. List the prime factors of (22/3)/(d/j).
11
Let a(j) = -j**3 - j**2 + 8*j + 16. List the prime factors of a(-5).
2, 19
Suppose 4*g + 17 = 5*m, 5*m + 0*g = -2*g - 1. List the prime factors of (m - -1)/(4/20).
2, 5
Suppose 0 = -g - 2*g + 33. Let q = -9 + g. Suppose -20 = -q*r + 7*r, -2*m + 5*r = -30. What are the prime factors of m?
5
Let z(b) = 12*b - 16. Let k(h) = h + 1. Let l be k(4). List the prime factors of z(l).
2, 11
Let w = -9 + 61. Let l = 100 - w. What are the prime factors of l?
2, 3
Suppose 3*w = 2*w + 19. List the prime factors of w.
19
Let z = 51 + -3. Suppose 4*q + 0*q - z = 0. What are the prime factors of q?
2, 3
Let y = -20 + 85. What are the prime factors of y?
5, 13
Let f(v) = -v**3 + 8*v**2 - 9*v + 2. Let b be f(6). Let i = b - 5. Suppose -6*a + i = -3*a. What are the prime factors of a?
5
Let j(o) = -o**3 - 4*o**2 + 6*o + 7. Let h be j(-5). Let x(y) = -y**3 + y**2 + 2*y. Let i be x(2). Suppose i = h*v + 3*v - 55. What are the prime factors of v?
11
Let t(s) be the second derivative of -s**4/12 + 7*s**3/3 + 3*s**2/2 - 6*s. What are the prime factors of t(7)?
2, 13
Suppose 0 = 2*w - 4*a - 0*a - 28, -37 = -2*w + a. What are the prime factors of w?
2, 5
Let m(y) = -y**3 - 5*y**2 - 2*y - 5. Let k be m(-5). Suppose 4*z - 208 = -k*d, 0 = z + 2*d + 3*d - 37. List the prime factors of 4/6 + z/9.
7
Let m be ((-1)/(-2))/(2/12). List the prime factors of 2 - (-26 + -3 + m).
2, 7
Suppose -79 - 79 = -2*t. What are the prime factors of t?
79
Let t = -1 + 12. Suppose 1 = -2*h + t. What are the prime factors of h?
5
Let a be (-4)/14 + (-22)/(-77). Suppose 7*t - 124 - 184 = a. What are the prime factors of t?
2, 11
Let r be (-8)/4*2/(-4). Let k(n) be the second derivative of n**5/5 + n**3/3 - n**2/2 + n. What are the prime factors of k(r)?
5
Let g(b) = -b**2 + 6*b + 5. Let o be g(7). Let h = o + 4. Suppose 4*s - 44 = 4*a, -s + h*a = -0 - 11. List the prime factors of s.
11
Let k(h) be the third derivative of 3*h**4/4 + h**2. Let l be -2 - (3/(-2) - (-3)/(-2)). List the prime factors of k(l).
2, 3
Suppose -r = -2, z